 factors of 131811428?
2, 7, 59, 73, 1093
List the prime factors of 4830316.
2, 811, 1489
List the prime factors of 77607611.
37, 2097503
What are the prime factors of 1067911658?
2, 11, 48541439
List the prime factors of 23512470.
2, 3, 5, 783749
List the prime factors of 239449679.
7, 617, 55441
What are the prime factors of 23421110?
2, 5, 19, 123269
List the prime factors of 279602672.
2, 17, 149, 6899
What are the prime factors of 5270639462?
2, 11, 41, 5843281
What are the prime factors of 102670347?
3, 13, 2632573
What are the prime factors of 39252723?
3, 13084241
What are the prime factors of 44124116?
2, 1471, 7499
List the prime factors of 260187105.
3, 5, 307, 56501
What are the prime factors of 2454258923?
2454258923
What are the prime factors of 4910979034?
2, 13, 188883809
What are the prime factors of 56226760?
2, 5, 1405669
What are the prime factors of 225591414?
2, 3, 109, 344941
List the prime factors of 134704984.
2, 19, 46643
List the prime factors of 66614931.
3, 19, 389561
What are the prime factors of 242640806?
2, 121320403
List the prime factors of 4855091728.
2, 47, 6456239
What are the prime factors of 8302117768?
2, 7, 1721, 86143
What are the prime factors of 317197636?
2, 7, 131, 86477
List the prime factors of 142567028.
2, 1543, 23099
List the prime factors of 4627323.
3, 514147
What are the prime factors of 194170284?
2, 3, 7, 11, 43, 181
What are the prime factors of 650894663?
4219, 154277
What are the prime factors of 5117903876?
2, 29, 673, 65557
List the prime factors of 247047932.
2, 257, 240319
List the prime factors of 5744357101.
7, 820622443
List the prime factors of 2098806421.
307, 6836503
List the prime factors of 163285690.
2, 5, 101, 269, 601
What are the prime factors of 31073758?
2, 577, 26927
What are the prime factors of 420332026?
2, 210166013
What are the prime factors of 287402606?
2, 37, 73, 83, 641
List the prime factors of 3435445111.
7, 2897, 169409
What are the prime factors of 5522404337?
7823, 705919
List the prime factors of 1058965133.
19, 797, 69931
What are the prime factors of 303038740?
2, 5, 677, 22381
What are the prime factors of 4150877086?
2, 16889, 122887
What are the prime factors of 985929581?
7, 13, 10834391
List the prime factors of 8252707.
19, 434353
What are the prime factors of 52040751?
3, 7, 73, 83, 409
What are the prime factors of 39351862?
2, 11, 162611
What are the prime factors of 84185887?
17, 127, 38993
List the prime factors of 48702708.
2, 3, 191, 787
What are the prime factors of 1094697356?
2, 11483, 23833
List the prime factors of 1939686075.
3, 5, 211, 13619
What are the prime factors of 213050185?
5, 42610037
What are the prime factors of 430510213?
7, 1831, 33589
What are the prime factors of 137642662?
2, 947, 72673
What are the prime factors of 1223333492?
2, 53, 2069, 2789
List the prime factors of 20780906.
2, 659, 15767
What are the prime factors of 504880533?
3, 47, 132619
List the prime factors of 531292799.
531292799
What are the prime factors of 170175291?
3, 11, 13, 396679
What are the prime factors of 4575286908?
2, 3, 17, 7475959
List the prime factors of 489163485.
3, 5, 43, 758393
What are the prime factors of 14355962?
2, 47, 152723
What are the prime factors of 99867428?
2, 223, 111959
What are the prime factors of 330327341?
330327341
What are the prime factors of 73932363?
3, 19, 47, 9199
What are the prime factors of 1914733253?
1914733253
What are the prime factors of 101319848?
2, 7, 258469
What are the prime factors of 6084826631?
13, 5501, 85087
List the prime factors of 1532604926.
2, 449, 1706687
List the prime factors of 424320271.
59, 7191869
What are the prime factors of 2595696625?
5, 23, 197, 4583
List the prime factors of 2127713074.
2, 5227, 203531
What are the prime factors of 4350593477?
67, 64934231
What are the prime factors of 5514885353?
5514885353
List the prime factors of 219375339.
3, 73125113
List the prime factors of 3230017479.
3, 13, 103, 1103
What are the prime factors of 903022971?
3, 301007657
List the prime factors of 78257912.
2, 9782239
What are the prime factors of 1285798607?
29, 5413, 8191
List the prime factors of 269786296.
2, 13, 2594099
What are the prime factors of 1498942461?
3, 43, 761, 15269
What are the prime factors of 3515077389?
3, 1171692463
What are the prime factors of 309312723?
3, 19, 5426539
What are the prime factors of 10934788?
2, 2733697
List the prime factors of 146667991.
146667991
What are the prime factors of 1832766439?
7, 109, 2402053
What are the prime factors of 1619297077?
1619297077
What are the prime factors of 715831738?
2, 13757, 26017
List the prime factors of 440765787.
3, 7, 11, 1908077
List the prime factors of 3574902628.
2, 11, 79, 83, 12391
What are the prime factors of 4204055069?
17, 23, 10752059
What are the prime factors of 651080680?
2, 5, 163, 99859
What are the prime factors of 67728925?
5, 11, 41, 6007
List the prime factors of 4274617541.
41011, 104231
List the prime factors of 718226958.
2, 3, 101, 157, 7549
List the prime factors of 38653096.
2, 4831637
List the prime factors of 406463311.
406463311
List the prime factors of 3038771101.
3038771101
What are the prime factors of 477384165?
3, 5, 1049, 3371
List the prime factors of 9420279.
3, 11, 285463
What are the prime factors of 44611197?
3, 881, 16879
What are the prime factors of 81363967?
41, 599, 3313
List the prime factors of 337049893.
107, 3149999
What are the prime factors of 972764132?
2, 243191033
What are the prime factors of 3679442624?
2, 11, 13, 402037
List the prime factors of 40552818.
2, 3, 23, 293861
List the prime factors of 188659486.
2, 191, 493873
List the prime factors of 271781699.
7, 38825957
What are the prime factors of 3461571206?
2, 41, 109, 241, 1607
List the prime factors of 50627241.
3, 7, 17, 2251
What are the prime factors of 6222926791?
181, 34380811
List the prime factors of 371529395.
5, 37, 419, 4793
List the prime factors of 284985940.
2, 5, 19, 43, 107, 163
List the prime factors of 223029685.
5, 3929, 11353
What are the prime factors of 245906525?
5, 173, 56857
List the prime factors of 111180958.
2, 7, 7941497
What are the prime factors of 98496365?
5, 11, 67, 26729
What are the prime factors of 597355043?
647, 1427
What are the prime factors of 28363930?
2, 5, 7, 405199
List the prime factors of 398350816.
2, 12448463
What are the prime factors of 2452918994?
2, 1039, 1180423
List the prime factors of 85170265.
5, 23, 283, 2617
List the prime factors of 593401058.
2, 23, 101, 337, 379
List the prime factors of 590035162.
2, 137, 463, 4651
What are the prime factors of 2656357778?
2, 79, 167, 100673
List the prime factors of 108922401.
3, 7, 192103
What are the prime factors of 2468185773?
3, 41, 2503, 8017
What are the prime factors of 36254673?
3, 7, 13, 44267
List the prime factors of 3826708477.
1783, 2146219
What are the prime factors of 58657142?
2, 19, 41, 37649
List the prime factors of 1298920451.
1493, 870007
List the prime factors of 178601149.
53, 1019, 3307
What are the prime factors of 82318012?
2, 7, 17, 23, 73, 103
What are the prime factors of 307110148?
2, 19, 97, 41659
What are the prime factors of 71115266?
2, 3109, 11437
List the prime factors of 368636103.
3, 11, 137911
What are the prime factors of 429240225?
3, 5, 17, 61, 5519
What are the prime factors of 731553645?
3, 5, 48770243
List the prime factors of 232649645.
5, 46529929
List the prime factors of 133950129.
3, 44650043
What are the prime factors of 34371670?
2, 5, 29, 61, 67
List the prime factors of 392436338.
2, 7, 41, 683687
What are the prime factors of 5914890?
2, 3, 5, 19, 1153
What are the prime factors of 470045966?
2, 13, 47, 211, 1823
What are the prime factors of 287615025?
3, 5, 1278289
List the prime factors of 47143402.
2, 37, 637073
What are the prime factors of 71595472?
2, 13, 344209
List the prime factors of 746056842.
2, 3, 23, 29, 277, 673
What are the prime factors of 4497326?
2, 2248663
What are the prime factors of 243932774?
2, 121966387
List the prime factors of 301087273.
23, 647, 20233
List the prime factors of 2957410250.
2, 5, 2753, 4297
List the prime factors of 111988207.
111988207
List the prime factors of 24226945.
5, 4845389